Last updated on 2025-05-10 20:49:47 CEST.
Flavor | Version | Tinstall | Tcheck | Ttotal | Status | Flags |
---|---|---|---|---|---|---|
r-devel-linux-x86_64-debian-clang | 1.2 | 2.50 | 34.55 | 37.05 | NOTE | |
r-devel-linux-x86_64-debian-gcc | 1.2 | 1.98 | 25.96 | 27.94 | NOTE | |
r-devel-linux-x86_64-fedora-clang | 1.2 | 62.58 | OK | |||
r-devel-linux-x86_64-fedora-gcc | 1.2 | 72.36 | OK | |||
r-devel-windows-x86_64 | 1.2 | 5.00 | 60.00 | 65.00 | OK | |
r-patched-linux-x86_64 | 1.2 | 3.27 | 32.88 | 36.15 | OK | |
r-release-linux-x86_64 | 1.2 | 2.62 | 32.97 | 35.59 | OK | |
r-release-macos-arm64 | 1.2 | 30.00 | OK | |||
r-release-macos-x86_64 | 1.2 | 57.00 | OK | |||
r-release-windows-x86_64 | 1.2 | 5.00 | 58.00 | 63.00 | OK | |
r-oldrel-macos-arm64 | 1.2 | 29.00 | OK | |||
r-oldrel-macos-x86_64 | 1.2 | 40.00 | OK | |||
r-oldrel-windows-x86_64 | 1.2 | 5.00 | 66.00 | 71.00 | OK |
Version: 1.2
Check: CRAN incoming feasibility
Result: NOTE
Maintainer: ‘Richard Wen <rrwen.dev@gmail.com>’
Package CITATION file contains call(s) to old-style personList() or
as.personList(). Please use c() on person objects instead.
Package CITATION file contains call(s) to old-style citEntry(). Please
use bibentry() instead.
Flavors: r-devel-linux-x86_64-debian-clang, r-devel-linux-x86_64-debian-gcc