Last updated on 2025-05-10 20:49:47 CEST.
Flavor | Version | Tinstall | Tcheck | Ttotal | Status | Flags |
---|---|---|---|---|---|---|
r-devel-linux-x86_64-debian-clang | 0.1.4 | 5.76 | 33.21 | 38.97 | NOTE | |
r-devel-linux-x86_64-debian-gcc | 0.1.4 | 3.56 | 24.34 | 27.90 | NOTE | |
r-devel-linux-x86_64-fedora-clang | 0.1.4 | 58.72 | OK | |||
r-devel-linux-x86_64-fedora-gcc | 0.1.4 | 57.63 | OK | |||
r-devel-windows-x86_64 | 0.1.4 | 5.00 | 51.00 | 56.00 | OK | |
r-patched-linux-x86_64 | 0.1.4 | 5.60 | 30.14 | 35.74 | OK | |
r-release-linux-x86_64 | 0.1.4 | 5.47 | 29.96 | 35.43 | OK | |
r-release-macos-arm64 | 0.1.4 | 20.00 | OK | |||
r-release-macos-x86_64 | 0.1.4 | 59.00 | OK | |||
r-release-windows-x86_64 | 0.1.4 | 5.00 | 52.00 | 57.00 | OK | |
r-oldrel-macos-arm64 | 0.1.4 | 20.00 | OK | |||
r-oldrel-macos-x86_64 | 0.1.4 | 45.00 | OK | |||
r-oldrel-windows-x86_64 | 0.1.4 | 6.00 | 58.00 | 64.00 | OK |
Version: 0.1.4
Check: CRAN incoming feasibility
Result: NOTE
Maintainer: ‘Hiroto Katsumata <hrt.katsumata@gmail.com>’
The Description field contains
<arXiv:2005.10998>, which improves the inverse probability weighting by
Please refer to arXiv e-prints via their arXiv DOI <doi:10.48550/arXiv.YYMM.NNNNN>.
Flavors: r-devel-linux-x86_64-debian-clang, r-devel-linux-x86_64-debian-gcc