CRAN Package Check Results for Package naivebayes

Last updated on 2025-05-10 12:49:48 CEST.

Flavor Version Tinstall Tcheck Ttotal Status Flags
r-devel-linux-x86_64-debian-clang 1.0.0 4.39 44.47 48.86 OK
r-devel-linux-x86_64-debian-gcc 1.0.0 2.67 33.58 36.25 OK
r-devel-linux-x86_64-fedora-clang 1.0.0 77.85 OK
r-devel-linux-x86_64-fedora-gcc 1.0.0 123.04 OK
r-devel-windows-x86_64 1.0.0 5.00 79.00 84.00 OK
r-patched-linux-x86_64 1.0.0 3.57 42.46 46.03 OK
r-release-linux-x86_64 1.0.0 4.20 42.40 46.60 OK
r-release-macos-arm64 1.0.0 49.00 OK
r-release-macos-x86_64 1.0.0 154.00 OK
r-release-windows-x86_64 1.0.0 5.00 0.00 5.00 FAIL
r-oldrel-macos-arm64 1.0.0 53.00 OK
r-oldrel-macos-x86_64 1.0.0 164.00 OK
r-oldrel-windows-x86_64 1.0.0 8.00 88.00 96.00 OK

Check Details

Version: 1.0.0
Check: re-building of vignette outputs
Result: FAIL Check process probably crashed or hung up for 20 minutes ... killed Most likely this happened in the example checks (?), if not, ignore the following last lines of example output: mean 3.4280000 2.7700000 2.9740000 sd 0.3790644 0.3137983 0.3224966 --------------------------------------------------------------------------------> tabs[1] -------------------------------------------------------------------------------- :: Sepal.Length (Gaussian) -------------------------------------------------------------------------------- Sepal.Length setosa versicolor virginica mean 5.0060000 5.9360000 6.5880000 sd 0.3524897 0.5161711 0.6358796 --------------------------------------------------------------------------------> > > > ### * <FOOTER> > ### > cleanEx() > options(digits = 7L) > base::cat("Time elapsed: ", proc.time() - base::get("ptime", pos = 'CheckExEnv'),"\n") Time elapsed: 4.38 0.25 4.63 NA NA > grDevices::dev.off() null device 1 > ### > ### Local variables: *** > ### mode: outline-minor *** > ### outline-regexp: "\\(> \\)?### [*]+" *** > ### End: *** > quit('no') ======== End of example output (where/before crash/hang up occured ?) ======== Flavor: r-release-windows-x86_64