CRAN Package Check Results for Package na.tools

Last updated on 2025-05-10 16:52:35 CEST.

Flavor Version Tinstall Tcheck Ttotal Status Flags
r-devel-linux-x86_64-debian-clang 0.3.1 1.99 23.95 25.94 NOTE
r-devel-linux-x86_64-debian-gcc 0.3.1 1.50 19.01 20.51 NOTE
r-devel-linux-x86_64-fedora-clang 0.3.1 40.20 NOTE
r-devel-linux-x86_64-fedora-gcc 0.3.1 40.27 NOTE
r-devel-windows-x86_64 0.3.1 2.00 45.00 47.00 NOTE
r-patched-linux-x86_64 0.3.1 2.08 22.84 24.92 NOTE
r-release-linux-x86_64 0.3.1 1.93 22.95 24.88 NOTE
r-release-macos-arm64 0.3.1 17.00 NOTE
r-release-macos-x86_64 0.3.1 31.00 NOTE
r-release-windows-x86_64 0.3.1 4.00 48.00 52.00 NOTE
r-oldrel-macos-arm64 0.3.1 17.00 NOTE
r-oldrel-macos-x86_64 0.3.1 23.00 NOTE
r-oldrel-windows-x86_64 0.3.1 2.00 51.00 53.00 NOTE

Check Details

Version: 0.3.1
Check: package subdirectories
Result: NOTE Problems with news in ‘NEWS.md’: Cannot extract version info from the following section titles: Version (2018-01-22) Version (2017-08-22) Version Flavors: r-devel-linux-x86_64-debian-clang, r-devel-linux-x86_64-debian-gcc, r-devel-linux-x86_64-fedora-clang, r-devel-linux-x86_64-fedora-gcc, r-devel-windows-x86_64, r-patched-linux-x86_64, r-release-linux-x86_64, r-release-macos-arm64, r-release-macos-x86_64, r-release-windows-x86_64, r-oldrel-macos-arm64, r-oldrel-macos-x86_64, r-oldrel-windows-x86_64

Version: 0.3.1
Check: LazyData
Result: NOTE 'LazyData' is specified without a 'data' directory Flavors: r-oldrel-macos-arm64, r-oldrel-macos-x86_64, r-oldrel-windows-x86_64