CRAN Package Check Results for Package nFunNN

Last updated on 2025-05-10 16:52:35 CEST.

Flavor Version Tinstall Tcheck Ttotal Status Flags
r-devel-linux-x86_64-debian-clang 1.0 1.84 21.34 23.18 OK
r-devel-linux-x86_64-debian-gcc 1.0 1.40 17.17 18.57 OK
r-devel-linux-x86_64-fedora-clang 1.0 35.96 NOTE
r-devel-linux-x86_64-fedora-gcc 1.0 35.81 NOTE
r-devel-windows-x86_64 1.0 3.00 42.00 45.00 OK
r-patched-linux-x86_64 1.0 1.91 20.23 22.14 OK
r-release-linux-x86_64 1.0 1.81 20.74 22.55 OK
r-release-macos-arm64 1.0 21.00 OK
r-release-macos-x86_64 1.0 25.00 OK
r-release-windows-x86_64 1.0 4.00 45.00 49.00 OK
r-oldrel-macos-arm64 1.0 16.00 OK
r-oldrel-macos-x86_64 1.0 21.00 OK
r-oldrel-windows-x86_64 1.0 4.00 48.00 52.00 OK

Check Details

Version: 1.0
Check: dependencies in R code
Result: NOTE Namespace in Imports field not imported from: ‘stats’ All declared Imports should be used. Flavors: r-devel-linux-x86_64-fedora-clang, r-devel-linux-x86_64-fedora-gcc