Last updated on 2025-05-10 20:49:47 CEST.
Flavor | Version | Tinstall | Tcheck | Ttotal | Status | Flags |
---|---|---|---|---|---|---|
r-devel-linux-x86_64-debian-clang | 1.4.0 | 13.14 | 404.83 | 417.97 | OK | |
r-devel-linux-x86_64-debian-gcc | 1.4.0 | 9.01 | 311.86 | 320.87 | OK | |
r-devel-linux-x86_64-fedora-clang | 1.4.0 | 611.70 | OK | |||
r-devel-linux-x86_64-fedora-gcc | 1.4.0 | 657.55 | OK | |||
r-devel-windows-x86_64 | 1.4.0 | 14.00 | 457.00 | 471.00 | OK | |
r-patched-linux-x86_64 | 1.4.0 | 14.18 | 391.84 | 406.02 | OK | |
r-release-linux-x86_64 | 1.4.0 | 10.18 | 384.94 | 395.12 | OK | |
r-release-macos-arm64 | 1.4.0 | 228.00 | OK | |||
r-release-macos-x86_64 | 1.4.0 | 272.00 | OK | |||
r-release-windows-x86_64 | 1.4.0 | 14.00 | 474.00 | 488.00 | OK | |
r-oldrel-macos-arm64 | 1.4.0 | 173.00 | NOTE | |||
r-oldrel-macos-x86_64 | 1.4.0 | 307.00 | NOTE | |||
r-oldrel-windows-x86_64 | 1.4.0 | 18.00 | 564.00 | 582.00 | NOTE |
Version: 1.4.0
Check: package dependencies
Result: NOTE
Package suggested but not available for checking: ‘rTubeDB’
Flavors: r-oldrel-macos-arm64, r-oldrel-macos-x86_64, r-oldrel-windows-x86_64
Version: 1.4.0
Check: Rd cross-references
Result: NOTE
Package unavailable to check Rd xrefs: ‘rTubeDB’
Flavors: r-oldrel-macos-arm64, r-oldrel-macos-x86_64, r-oldrel-windows-x86_64