Last updated on 2025-05-10 16:52:35 CEST.
Flavor | Version | Tinstall | Tcheck | Ttotal | Status | Flags |
---|---|---|---|---|---|---|
r-devel-linux-x86_64-debian-clang | 2.0.3 | 184.13 | 87.11 | 271.24 | OK | |
r-devel-linux-x86_64-debian-gcc | 2.0.3 | 130.15 | 64.88 | 195.03 | OK | |
r-devel-linux-x86_64-fedora-clang | 2.0.3 | 536.90 | OK | |||
r-devel-linux-x86_64-fedora-gcc | 2.0.3 | 574.30 | OK | |||
r-devel-windows-x86_64 | 2.0.3 | 211.00 | 128.00 | 339.00 | OK | |
r-patched-linux-x86_64 | 2.0.3 | 173.96 | 81.03 | 254.99 | OK | |
r-release-linux-x86_64 | 2.0.3 | 174.22 | 82.34 | 256.56 | OK | |
r-release-macos-arm64 | 2.0.3 | 110.00 | OK | |||
r-release-macos-x86_64 | 2.0.3 | 182.00 | OK | |||
r-release-windows-x86_64 | 2.0.3 | 214.00 | 127.00 | 341.00 | OK | |
r-oldrel-macos-arm64 | 2.0.3 | 64.00 | NOTE | |||
r-oldrel-macos-x86_64 | 2.0.3 | 97.00 | NOTE | |||
r-oldrel-windows-x86_64 | 2.0.3 | 252.00 | 157.00 | 409.00 | OK |
Version: 2.0.3
Check: installed package size
Result: NOTE
installed size is 13.3Mb
sub-directories of 1Mb or more:
libs 12.0Mb
Flavors: r-oldrel-macos-arm64, r-oldrel-macos-x86_64