Last updated on 2025-05-10 20:49:46 CEST.
Flavor | Version | Tinstall | Tcheck | Ttotal | Status | Flags |
---|---|---|---|---|---|---|
r-devel-linux-x86_64-debian-clang | 0.1.3 | 8.59 | 92.42 | 101.01 | NOTE | |
r-devel-linux-x86_64-debian-gcc | 0.1.3 | 6.67 | 69.94 | 76.61 | NOTE | |
r-devel-linux-x86_64-fedora-clang | 0.1.3 | 155.58 | OK | |||
r-devel-linux-x86_64-fedora-gcc | 0.1.3 | 159.79 | OK | |||
r-devel-windows-x86_64 | 0.1.3 | 10.00 | 104.00 | 114.00 | NOTE | |
r-patched-linux-x86_64 | 0.1.3 | 9.66 | 84.57 | 94.23 | NOTE | |
r-release-linux-x86_64 | 0.1.3 | 9.17 | 88.06 | 97.23 | NOTE | |
r-release-macos-arm64 | 0.1.3 | 61.00 | OK | |||
r-release-macos-x86_64 | 0.1.3 | 98.00 | OK | |||
r-release-windows-x86_64 | 0.1.3 | 9.00 | 94.00 | 103.00 | NOTE | |
r-oldrel-macos-arm64 | 0.1.3 | 46.00 | OK | |||
r-oldrel-macos-x86_64 | 0.1.3 | 95.00 | OK | |||
r-oldrel-windows-x86_64 | 0.1.3 | 13.00 | 121.00 | 134.00 | OK |
Version: 0.1.3
Check: Rd cross-references
Result: NOTE
Found the following Rd file(s) with Rd \link{} targets missing package
anchors:
msTrans_abs.Rd: doQmapQUANT, qmap
tscale.Rd: lubridate
Please provide package anchors for all Rd \link{} targets not in the
package itself and the base packages.
Flavors: r-devel-linux-x86_64-debian-clang, r-devel-linux-x86_64-debian-gcc, r-devel-windows-x86_64, r-patched-linux-x86_64, r-release-linux-x86_64, r-release-windows-x86_64