Last updated on 2025-05-10 12:49:48 CEST.
Flavor | Version | Tinstall | Tcheck | Ttotal | Status | Flags |
---|---|---|---|---|---|---|
r-devel-linux-x86_64-debian-clang | 2.1.3 | 1.85 | 24.40 | 26.25 | NOTE | |
r-devel-linux-x86_64-debian-gcc | 2.1.3 | 1.87 | 19.43 | 21.30 | NOTE | |
r-devel-linux-x86_64-fedora-clang | 2.1.3 | 42.26 | OK | |||
r-devel-linux-x86_64-fedora-gcc | 2.1.3 | 56.25 | OK | |||
r-devel-windows-x86_64 | 2.1.3 | 4.00 | 47.00 | 51.00 | OK | |
r-patched-linux-x86_64 | 2.1.3 | 2.40 | 23.20 | 25.60 | OK | |
r-release-linux-x86_64 | 2.1.3 | 2.16 | 24.23 | 26.39 | OK | |
r-release-macos-arm64 | 2.1.3 | 24.00 | OK | |||
r-release-macos-x86_64 | 2.1.3 | 72.00 | OK | |||
r-release-windows-x86_64 | 2.1.3 | 3.00 | 48.00 | 51.00 | OK | |
r-oldrel-macos-arm64 | 2.1.3 | 22.00 | OK | |||
r-oldrel-macos-x86_64 | 2.1.3 | 36.00 | OK | |||
r-oldrel-windows-x86_64 | 2.1.3 | 3.00 | 53.00 | 56.00 | OK |
Version: 2.1.3
Check: CRAN incoming feasibility
Result: NOTE
Maintainer: ‘Alexander Keyel <skeyel@gmail.com>’
No Authors@R field in DESCRIPTION.
Please add one, modifying
Authors@R: person(given = "Alexander",
family = "Keyel",
role = c("aut", "cre"),
email = "skeyel@gmail.com")
as necessary.
Flavors: r-devel-linux-x86_64-debian-clang, r-devel-linux-x86_64-debian-gcc