CRAN Package Check Results for Package multicmp

Last updated on 2025-05-10 08:50:44 CEST.

Flavor Version Tinstall Tcheck Ttotal Status Flags
r-devel-linux-x86_64-debian-clang 1.1 1.80 20.63 22.43 NOTE
r-devel-linux-x86_64-debian-gcc 1.1 1.48 16.26 17.74 NOTE
r-devel-linux-x86_64-fedora-clang 1.1 35.39 NOTE
r-devel-linux-x86_64-fedora-gcc 1.1 34.60 NOTE
r-devel-windows-x86_64 1.1 3.00 41.00 44.00 NOTE
r-patched-linux-x86_64 1.1 1.67 19.99 21.66 NOTE
r-release-linux-x86_64 1.1 1.54 20.21 21.75 NOTE
r-release-macos-arm64 1.1 18.00 NOTE
r-release-macos-x86_64 1.1 35.00 NOTE
r-release-windows-x86_64 1.1 3.00 44.00 47.00 NOTE
r-oldrel-macos-arm64 1.1 15.00 NOTE
r-oldrel-macos-x86_64 1.1 33.00 NOTE
r-oldrel-windows-x86_64 1.1 2.00 40.00 42.00 NOTE

Check Details

Version: 1.1
Check: Rd files
Result: NOTE checkRd: (-1) dbivCMP.Rd:14: Lost braces; missing escapes or markup? 14 | \item{bivprob}{Bivariate probabilities, {p00, p01, p10, p11}.} | ^ Flavors: r-devel-linux-x86_64-debian-clang, r-devel-linux-x86_64-debian-gcc, r-devel-linux-x86_64-fedora-clang, r-devel-linux-x86_64-fedora-gcc, r-devel-windows-x86_64, r-patched-linux-x86_64, r-release-linux-x86_64, r-release-macos-arm64, r-release-macos-x86_64, r-release-windows-x86_64, r-oldrel-macos-arm64, r-oldrel-macos-x86_64, r-oldrel-windows-x86_64