Last updated on 2025-05-10 12:49:48 CEST.
Flavor | Version | Tinstall | Tcheck | Ttotal | Status | Flags |
---|---|---|---|---|---|---|
r-devel-linux-x86_64-debian-clang | 0.8.10 | 40.15 | 235.81 | 275.96 | OK | |
r-devel-linux-x86_64-debian-gcc | 0.8.10 | 28.28 | 162.82 | 191.10 | OK | |
r-devel-linux-x86_64-fedora-clang | 0.8.10 | 442.31 | OK | |||
r-devel-linux-x86_64-fedora-gcc | 0.8.10 | 498.58 | OK | |||
r-devel-windows-x86_64 | 0.8.10 | 44.00 | 242.00 | 286.00 | OK | |
r-patched-linux-x86_64 | 0.8.10 | 38.54 | 211.92 | 250.46 | OK | |
r-release-linux-x86_64 | 0.8.10 | 40.78 | 217.35 | 258.13 | OK | |
r-release-macos-arm64 | 0.8.10 | 119.00 | OK | |||
r-release-macos-x86_64 | 0.8.10 | 197.00 | OK | |||
r-release-windows-x86_64 | 0.8.10 | 46.00 | 241.00 | 287.00 | OK | |
r-oldrel-macos-arm64 | 0.8.10 | 124.00 | NOTE | |||
r-oldrel-macos-x86_64 | 0.8.10 | 216.00 | NOTE | |||
r-oldrel-windows-x86_64 | 0.8.10 | 56.00 | 316.00 | 372.00 | OK |
Version: 0.8.10
Check: installed package size
Result: NOTE
installed size is 10.0Mb
sub-directories of 1Mb or more:
doc 1.5Mb
libs 7.2Mb
Flavors: r-oldrel-macos-arm64, r-oldrel-macos-x86_64