Last updated on 2025-05-10 12:49:48 CEST.
Flavor | Version | Tinstall | Tcheck | Ttotal | Status | Flags |
---|---|---|---|---|---|---|
r-devel-linux-x86_64-debian-clang | 1.1 | 15.98 | 89.41 | 105.39 | NOTE | |
r-devel-linux-x86_64-debian-gcc | 1.1 | 12.91 | 71.07 | 83.98 | NOTE | |
r-devel-linux-x86_64-fedora-clang | 1.1 | 178.23 | OK | |||
r-devel-linux-x86_64-fedora-gcc | 1.1 | 173.26 | OK | |||
r-devel-windows-x86_64 | 1.1 | 13.00 | 82.00 | 95.00 | OK | |
r-patched-linux-x86_64 | 1.1 | 16.07 | 86.50 | 102.57 | OK | |
r-release-linux-x86_64 | 1.1 | 15.71 | 88.99 | 104.70 | OK | |
r-release-macos-arm64 | 1.1 | 74.00 | OK | |||
r-release-macos-x86_64 | 1.1 | 279.00 | OK | |||
r-release-windows-x86_64 | 1.1 | 15.00 | 92.00 | 107.00 | OK | |
r-oldrel-macos-arm64 | 1.1 | 85.00 | OK | |||
r-oldrel-macos-x86_64 | 1.1 | 106.00 | OK | |||
r-oldrel-windows-x86_64 | 1.1 | 16.00 | 99.00 | 115.00 | OK |
Version: 1.1
Check: CRAN incoming feasibility
Result: NOTE
Maintainer: ‘Ana Belen Nieto Librero <ananieto@usal.es>’
No Authors@R field in DESCRIPTION.
Please add one, modifying
Authors@R: c(person(given = c("Ana", "Belen", "Nieto"),
family = "Librero",
role = c("aut", "cre"),
email = "ananieto@usal.es"),
person(given = "Nora",
family = "Baccala",
role = "aut",
email = "norabaccala@gmail.com"),
person(given = c("Purificacion", "Vicente"),
family = "Galindo",
role = "aut",
email = "purivg@usal.es"),
person(given = c("Purificacion", "Galindo"),
family = "Villardon",
role = "aut",
email = "pgalindo@usal.es"))
as necessary.
Flavors: r-devel-linux-x86_64-debian-clang, r-devel-linux-x86_64-debian-gcc