CRAN Package Check Results for Package muRty

Last updated on 2025-05-10 20:49:46 CEST.

Flavor Version Tinstall Tcheck Ttotal Status Flags
r-devel-linux-x86_64-debian-clang 0.3.1 2.00 23.53 25.53 NOTE
r-devel-linux-x86_64-debian-gcc 0.3.1 1.71 18.39 20.10 NOTE
r-devel-linux-x86_64-fedora-clang 0.3.1 41.59 OK
r-devel-linux-x86_64-fedora-gcc 0.3.1 39.49 OK
r-devel-windows-x86_64 0.3.1 3.00 50.00 53.00 OK
r-patched-linux-x86_64 0.3.1 1.92 23.17 25.09 OK
r-release-linux-x86_64 0.3.1 2.34 23.02 25.36 OK
r-release-macos-arm64 0.3.1 21.00 OK
r-release-macos-x86_64 0.3.1 33.00 OK
r-release-windows-x86_64 0.3.1 4.00 53.00 57.00 OK
r-oldrel-macos-arm64 0.3.1 18.00 NOTE
r-oldrel-macos-x86_64 0.3.1 24.00 NOTE
r-oldrel-windows-x86_64 0.3.1 3.00 57.00 60.00 NOTE

Check Details

Version: 0.3.1
Check: CRAN incoming feasibility
Result: NOTE Maintainer: ‘Aljaz Jelenko <aljaz.jelenko@amis.net>’ No Authors@R field in DESCRIPTION. Please add one, modifying Authors@R: person(given = "Aljaz", family = "Jelenko", role = c("aut", "cre"), email = "aljaz.jelenko@amis.net") as necessary. Flavors: r-devel-linux-x86_64-debian-clang, r-devel-linux-x86_64-debian-gcc

Version: 0.3.1
Check: LazyData
Result: NOTE 'LazyData' is specified without a 'data' directory Flavors: r-oldrel-macos-arm64, r-oldrel-macos-x86_64, r-oldrel-windows-x86_64