Last updated on 2025-05-10 16:52:34 CEST.
Flavor | Version | Tinstall | Tcheck | Ttotal | Status | Flags |
---|---|---|---|---|---|---|
r-devel-linux-x86_64-debian-clang | 1.0.5 | 30.07 | 130.72 | 160.79 | OK | |
r-devel-linux-x86_64-debian-gcc | 1.0.5 | 22.73 | 97.34 | 120.07 | OK | |
r-devel-linux-x86_64-fedora-clang | 1.0.5 | 250.60 | OK | |||
r-devel-linux-x86_64-fedora-gcc | 1.0.5 | 342.74 | OK | |||
r-devel-windows-x86_64 | 1.0.5 | 30.00 | 175.00 | 205.00 | OK | |
r-patched-linux-x86_64 | 1.0.5 | 33.46 | 134.69 | 168.15 | OK | |
r-release-linux-x86_64 | 1.0.5 | 33.89 | 133.80 | 167.69 | OK | |
r-release-macos-arm64 | 1.0.5 | 84.00 | OK | |||
r-release-macos-x86_64 | 1.0.5 | 215.00 | OK | |||
r-release-windows-x86_64 | 1.0.5 | 32.00 | 171.00 | 203.00 | OK | |
r-oldrel-macos-arm64 | 1.0.5 | 71.00 | NOTE | |||
r-oldrel-macos-x86_64 | 1.0.5 | 162.00 | NOTE | |||
r-oldrel-windows-x86_64 | 1.0.5 | 29.00 | 220.00 | 249.00 | OK |
Version: 1.0.5
Check: installed package size
Result: NOTE
installed size is 6.5Mb
sub-directories of 1Mb or more:
libs 5.9Mb
Flavors: r-oldrel-macos-arm64, r-oldrel-macos-x86_64