Last updated on 2025-05-10 16:52:34 CEST.
Flavor | Version | Tinstall | Tcheck | Ttotal | Status | Flags |
---|---|---|---|---|---|---|
r-devel-linux-x86_64-debian-clang | 0.1.2 | 2.13 | 31.52 | 33.65 | NOTE | |
r-devel-linux-x86_64-debian-gcc | 0.1.2 | 1.94 | 25.68 | 27.62 | NOTE | |
r-devel-linux-x86_64-fedora-clang | 0.1.2 | 53.05 | OK | |||
r-devel-linux-x86_64-fedora-gcc | 0.1.2 | 63.93 | OK | |||
r-devel-windows-x86_64 | 0.1.2 | 4.00 | 52.00 | 56.00 | OK | |
r-patched-linux-x86_64 | 0.1.2 | 2.27 | 29.44 | 31.71 | OK | |
r-release-linux-x86_64 | 0.1.2 | 2.56 | 29.82 | 32.38 | OK | |
r-release-macos-arm64 | 0.1.2 | 41.00 | OK | |||
r-release-macos-x86_64 | 0.1.2 | 50.00 | OK | |||
r-release-windows-x86_64 | 0.1.2 | 4.00 | 52.00 | 56.00 | OK | |
r-oldrel-macos-arm64 | 0.1.2 | 26.00 | OK | |||
r-oldrel-macos-x86_64 | 0.1.2 | 39.00 | OK | |||
r-oldrel-windows-x86_64 | 0.1.2 | 5.00 | 63.00 | 68.00 | OK |
Version: 0.1.2
Check: CRAN incoming feasibility
Result: NOTE
Maintainer: ‘Phil Ferriere <pferriere@hotmail.com>’
Found the following (possibly) invalid file URI:
URI: ./CONDUCT.md
From: README.md
Flavors: r-devel-linux-x86_64-debian-clang, r-devel-linux-x86_64-debian-gcc