Last updated on 2025-05-10 16:52:34 CEST.
Flavor | Version | Tinstall | Tcheck | Ttotal | Status | Flags |
---|---|---|---|---|---|---|
r-devel-linux-x86_64-debian-clang | 5.0.1 | 41.31 | 151.48 | 192.79 | NOTE | |
r-devel-linux-x86_64-debian-gcc | 5.0.1 | 29.22 | 103.85 | 133.07 | NOTE | |
r-devel-linux-x86_64-fedora-clang | 5.0.1 | 313.91 | NOTE | |||
r-devel-linux-x86_64-fedora-gcc | 5.0.1 | 305.93 | NOTE | |||
r-devel-windows-x86_64 | 5.0.1 | 48.00 | 174.00 | 222.00 | NOTE | |
r-patched-linux-x86_64 | 5.0.1 | 44.80 | 142.70 | 187.50 | NOTE | |
r-release-linux-x86_64 | 5.0.1 | 36.81 | 147.61 | 184.42 | NOTE | |
r-release-macos-arm64 | 5.0.1 | 111.00 | NOTE | |||
r-release-macos-x86_64 | 5.0.1 | 185.00 | NOTE | |||
r-release-windows-x86_64 | 5.0.1 | 47.00 | 176.00 | 223.00 | NOTE | |
r-oldrel-macos-arm64 | 5.0.1 | 83.00 | NOTE | |||
r-oldrel-macos-x86_64 | 5.0.1 | 135.00 | NOTE | |||
r-oldrel-windows-x86_64 | 5.0.1 | 58.00 | 223.00 | 281.00 | NOTE |
Version: 5.0.1
Check: Rd files
Result: NOTE
checkRd: (-1) MultiManhattan.Rd:33: Lost braces; missing escapes or markup?
33 | \item{LogTimes}{Magnification of {-log10(P-value)}; the default is
| ^
checkRd: (-1) MultiManhattan.Rd:35: Lost braces; missing escapes or markup?
35 | \item{LODTimes}{Magnification of {LOD score}; the default is 1.2.}
| ^
Flavors: r-devel-linux-x86_64-debian-clang, r-devel-linux-x86_64-debian-gcc, r-devel-linux-x86_64-fedora-clang, r-devel-linux-x86_64-fedora-gcc, r-devel-windows-x86_64, r-patched-linux-x86_64, r-release-linux-x86_64, r-release-macos-arm64, r-release-macos-x86_64, r-release-windows-x86_64, r-oldrel-macos-arm64, r-oldrel-macos-x86_64, r-oldrel-windows-x86_64
Version: 5.0.1
Check: installed package size
Result: NOTE
installed size is 5.2Mb
sub-directories of 1Mb or more:
extdata 1.7Mb
libs 2.3Mb
Flavors: r-oldrel-macos-arm64, r-oldrel-macos-x86_64