Last updated on 2025-05-10 16:52:34 CEST.
Flavor | Version | Tinstall | Tcheck | Ttotal | Status | Flags |
---|---|---|---|---|---|---|
r-devel-linux-x86_64-debian-clang | 0.2.1 | 19.51 | 308.73 | 328.24 | OK | |
r-devel-linux-x86_64-debian-gcc | 0.2.1 | 15.05 | 252.99 | 268.04 | OK | |
r-devel-linux-x86_64-fedora-clang | 0.2.1 | 362.12 | OK | |||
r-devel-linux-x86_64-fedora-gcc | 0.2.1 | 377.07 | OK | |||
r-devel-windows-x86_64 | 0.2.1 | 26.00 | 216.00 | 242.00 | OK | |
r-patched-linux-x86_64 | 0.2.1 | 21.13 | 233.49 | 254.62 | OK | |
r-release-linux-x86_64 | 0.2.1 | 20.65 | 231.89 | 252.54 | OK | |
r-release-macos-arm64 | 0.2.1 | 106.00 | OK | |||
r-release-macos-x86_64 | 0.2.1 | 149.00 | OK | |||
r-release-windows-x86_64 | 0.2.1 | 26.00 | 214.00 | 240.00 | OK | |
r-oldrel-macos-arm64 | 0.2.1 | 104.00 | NOTE | |||
r-oldrel-macos-x86_64 | 0.2.1 | 161.00 | NOTE | |||
r-oldrel-windows-x86_64 | 0.2.1 | 33.00 | 269.00 | 302.00 | NOTE |
Version: 0.2.1
Check: installed package size
Result: NOTE
installed size is 8.6Mb
sub-directories of 1Mb or more:
doc 4.8Mb
extdata 1.9Mb
libs 1.2Mb
Flavors: r-oldrel-macos-arm64, r-oldrel-macos-x86_64, r-oldrel-windows-x86_64