Last updated on 2025-07-21 20:50:08 CEST.
Flavor | Version | Tinstall | Tcheck | Ttotal | Status | Flags |
---|---|---|---|---|---|---|
r-devel-linux-x86_64-debian-clang | 4.2.6 | 62.89 | 448.79 | 511.68 | OK | |
r-devel-linux-x86_64-debian-gcc | 4.2.6 | 36.91 | 284.96 | 321.87 | OK | |
r-devel-linux-x86_64-fedora-clang | 4.2.6 | 851.62 | OK | |||
r-devel-linux-x86_64-fedora-gcc | 4.2.6 | 801.39 | OK | |||
r-devel-windows-x86_64 | 4.2.6 | 57.00 | 416.00 | 473.00 | OK | |
r-patched-linux-x86_64 | 4.2.6 | 65.03 | 426.96 | 491.99 | OK | |
r-release-linux-x86_64 | 4.2.6 | 56.37 | 427.23 | 483.60 | OK | |
r-release-macos-arm64 | 4.2.6 | 220.00 | OK | |||
r-release-macos-x86_64 | 4.2.6 | 452.00 | OK | |||
r-release-windows-x86_64 | 4.2.6 | 60.00 | 415.00 | 475.00 | OK | |
r-oldrel-macos-arm64 | 4.2.6 | 177.00 | NOTE | |||
r-oldrel-macos-x86_64 | 4.2.6 | 349.00 | NOTE | |||
r-oldrel-windows-x86_64 | 4.2.6 | 81.00 | 578.00 | 659.00 | OK |
Version: 4.2.6
Check: installed package size
Result: NOTE
installed size is 5.4Mb
sub-directories of 1Mb or more:
R 2.0Mb
Flavors: r-oldrel-macos-arm64, r-oldrel-macos-x86_64