Last updated on 2025-05-10 20:49:46 CEST.
Flavor | Version | Tinstall | Tcheck | Ttotal | Status | Flags |
---|---|---|---|---|---|---|
r-devel-linux-x86_64-debian-clang | 0.2.0 | 1.86 | 19.71 | 21.57 | NOTE | |
r-devel-linux-x86_64-debian-gcc | 0.2.0 | 1.57 | 17.11 | 18.68 | NOTE | |
r-devel-linux-x86_64-fedora-clang | 0.2.0 | 31.82 | NOTE | |||
r-devel-linux-x86_64-fedora-gcc | 0.2.0 | 30.29 | NOTE | |||
r-devel-windows-x86_64 | 0.2.0 | 4.00 | 42.00 | 46.00 | NOTE | |
r-patched-linux-x86_64 | 0.2.0 | 2.03 | 18.76 | 20.79 | NOTE | |
r-release-linux-x86_64 | 0.2.0 | 2.12 | 18.51 | 20.63 | NOTE | |
r-release-macos-arm64 | 0.2.0 | 15.00 | NOTE | |||
r-release-macos-x86_64 | 0.2.0 | 24.00 | NOTE | |||
r-release-windows-x86_64 | 0.2.0 | 4.00 | 44.00 | 48.00 | NOTE | |
r-oldrel-macos-arm64 | 0.2.0 | 14.00 | OK | |||
r-oldrel-macos-x86_64 | 0.2.0 | 21.00 | OK | |||
r-oldrel-windows-x86_64 | 0.2.0 | 5.00 | 45.00 | 50.00 | OK |
Version: 0.2.0
Check: DESCRIPTION meta-information
Result: NOTE
Missing dependency on R >= 4.1.0 because package code uses the pipe
|> or function shorthand \(...) syntax added in R 4.1.0.
File(s) using such syntax:
‘stopwords.R’
Flavors: r-devel-linux-x86_64-debian-clang, r-devel-linux-x86_64-debian-gcc, r-devel-linux-x86_64-fedora-clang, r-devel-linux-x86_64-fedora-gcc, r-devel-windows-x86_64, r-patched-linux-x86_64, r-release-linux-x86_64, r-release-macos-arm64, r-release-macos-x86_64, r-release-windows-x86_64