Last updated on 2025-07-22 16:49:39 CEST.
Flavor | Version | Tinstall | Tcheck | Ttotal | Status | Flags |
---|---|---|---|---|---|---|
r-devel-linux-x86_64-debian-clang | 0.4 | 11.21 | 213.13 | 224.34 | NOTE | |
r-devel-linux-x86_64-debian-gcc | 0.4 | 8.77 | 160.35 | 169.12 | NOTE | |
r-devel-linux-x86_64-fedora-clang | 0.4 | 349.83 | OK | |||
r-devel-linux-x86_64-fedora-gcc | 0.4 | 358.10 | OK | |||
r-devel-windows-x86_64 | 0.4 | 14.00 | 216.00 | 230.00 | NOTE | |
r-patched-linux-x86_64 | 0.4 | 10.80 | 208.81 | 219.61 | NOTE | |
r-release-linux-x86_64 | 0.4 | 12.69 | 208.15 | 220.84 | NOTE | |
r-release-macos-arm64 | 0.4 | 129.00 | OK | |||
r-release-macos-x86_64 | 0.4 | 281.00 | OK | |||
r-release-windows-x86_64 | 0.4 | 14.00 | 211.00 | 225.00 | NOTE | |
r-oldrel-macos-arm64 | 0.4 | 116.00 | OK | |||
r-oldrel-macos-x86_64 | 0.4 | 158.00 | OK | |||
r-oldrel-windows-x86_64 | 0.4 | 18.00 | 255.00 | 273.00 | OK |
Version: 0.4
Check: CRAN incoming feasibility
Result: NOTE
Maintainer: ‘Nicolas Robette <nicolas.robette@uvsq.fr>’
No Authors@R field in DESCRIPTION.
Please add one, modifying
Authors@R: person(given = "Nicolas",
family = "Robette",
role = c("aut", "cre"),
email = "nicolas.robette@uvsq.fr")
as necessary.
The Description field contains
selection (see Gregorutti et al (2017) <arXiv:1310.5726>, Hapfelmeier
Please refer to arXiv e-prints via their arXiv DOI <doi:10.48550/arXiv.YYMM.NNNNN>.
Flavors: r-devel-linux-x86_64-debian-clang, r-devel-linux-x86_64-debian-gcc
Version: 0.4
Check: Rd cross-references
Result: NOTE
Found the following Rd file(s) with Rd \link{} targets missing package
anchors:
GetAleData.Rd: cforest, foreach, FeatureEffect, iml
GetInteractionStrength.Rd: cforest, vip
GetPartialData.Rd: cforest, partial, foreach, pdp
fastcforest.Rd: ForestControl-class, cforest_control, ptrafo,
cforest, RandomForest-class
fastvarImp.Rd: varImp, cforest
ggVarImp.Rd: varImp, varImpAUC
Please provide package anchors for all Rd \link{} targets not in the
package itself and the base packages.
Flavors: r-devel-linux-x86_64-debian-clang, r-devel-linux-x86_64-debian-gcc, r-devel-windows-x86_64, r-patched-linux-x86_64, r-release-linux-x86_64, r-release-windows-x86_64