CRAN Package Check Results for Package monoreg

Last updated on 2025-07-23 05:48:50 CEST.

Flavor Version Tinstall Tcheck Ttotal Status Flags
r-devel-linux-x86_64-debian-clang 2.1 6.95 25.49 32.44 NOTE
r-devel-linux-x86_64-debian-gcc 2.1 5.60 21.21 26.81 NOTE
r-devel-linux-x86_64-fedora-clang 2.1 49.71 OK
r-devel-linux-x86_64-fedora-gcc 2.1 52.50 OK
r-devel-windows-x86_64 2.1 9.00 49.00 58.00 OK
r-patched-linux-x86_64 2.1 6.98 24.46 31.44 OK
r-release-linux-x86_64 2.1 7.22 24.92 32.14 OK
r-release-macos-arm64 2.1 23.00 OK
r-release-macos-x86_64 2.1 35.00 OK
r-release-windows-x86_64 2.1 10.00 55.00 65.00 OK
r-oldrel-macos-arm64 2.1 22.00 OK
r-oldrel-macos-x86_64 2.1 28.00 OK
r-oldrel-windows-x86_64 2.1 9.00 48.00 57.00 OK

Check Details

Version: 2.1
Check: CRAN incoming feasibility
Result: NOTE Maintainer: ‘Olli Saarela <olli.saarela@utoronto.ca>’ No Authors@R field in DESCRIPTION. Please add one, modifying Authors@R: c(person(given = "Olli", family = "Saarela", role = c("aut", "cre"), email = "olli.saarela@utoronto.ca"), person(given = "Christian", family = "Rohrbeck", role = "aut")) as necessary. Flavors: r-devel-linux-x86_64-debian-clang, r-devel-linux-x86_64-debian-gcc