Last updated on 2025-05-10 20:49:46 CEST.
Flavor | Version | Tinstall | Tcheck | Ttotal | Status | Flags |
---|---|---|---|---|---|---|
r-devel-linux-x86_64-debian-clang | 1.0 | 4.76 | 31.31 | 36.07 | NOTE | |
r-devel-linux-x86_64-debian-gcc | 1.0 | 3.59 | 23.77 | 27.36 | NOTE | |
r-devel-linux-x86_64-fedora-clang | 1.0 | 56.90 | OK | |||
r-devel-linux-x86_64-fedora-gcc | 1.0 | 55.06 | OK | |||
r-devel-windows-x86_64 | 1.0 | 5.00 | 55.00 | 60.00 | OK | |
r-patched-linux-x86_64 | 1.0 | 5.75 | 29.67 | 35.42 | OK | |
r-release-linux-x86_64 | 1.0 | 4.82 | 29.82 | 34.64 | OK | |
r-release-macos-arm64 | 1.0 | 22.00 | OK | |||
r-release-macos-x86_64 | 1.0 | 34.00 | OK | |||
r-release-windows-x86_64 | 1.0 | 7.00 | 57.00 | 64.00 | OK | |
r-oldrel-macos-arm64 | 1.0 | 17.00 | OK | |||
r-oldrel-macos-x86_64 | 1.0 | 29.00 | OK | |||
r-oldrel-windows-x86_64 | 1.0 | 7.00 | 62.00 | 69.00 | OK |
Version: 1.0
Check: CRAN incoming feasibility
Result: NOTE
Maintainer: ‘Dan Murphy <chiefmurphy@gmail.com>’
No Authors@R field in DESCRIPTION.
Please add one, modifying
Authors@R: person(given = "Dan",
family = "Murphy",
role = c("aut", "cre"),
email = "chiefmurphy@gmail.com")
as necessary.
Flavors: r-devel-linux-x86_64-debian-clang, r-devel-linux-x86_64-debian-gcc