Last updated on 2025-05-10 20:49:46 CEST.
Flavor | Version | Tinstall | Tcheck | Ttotal | Status | Flags |
---|---|---|---|---|---|---|
r-devel-linux-x86_64-debian-clang | 0.14.1 | 2.03 | 19.23 | 21.26 | NOTE | |
r-devel-linux-x86_64-debian-gcc | 0.14.1 | 1.41 | 15.37 | 16.78 | NOTE | |
r-devel-linux-x86_64-fedora-clang | 0.14.1 | 33.21 | OK | |||
r-devel-linux-x86_64-fedora-gcc | 0.14.1 | 32.11 | OK | |||
r-devel-windows-x86_64 | 0.14.1 | 3.00 | 38.00 | 41.00 | OK | |
r-patched-linux-x86_64 | 0.14.1 | 2.46 | 18.37 | 20.83 | OK | |
r-release-linux-x86_64 | 0.14.1 | 1.84 | 18.54 | 20.38 | OK | |
r-release-macos-arm64 | 0.14.1 | 20.00 | OK | |||
r-release-macos-x86_64 | 0.14.1 | 27.00 | OK | |||
r-release-windows-x86_64 | 0.14.1 | 6.00 | 42.00 | 48.00 | OK | |
r-oldrel-macos-arm64 | 0.14.1 | 20.00 | OK | |||
r-oldrel-macos-x86_64 | 0.14.1 | 22.00 | OK | |||
r-oldrel-windows-x86_64 | 0.14.1 | 4.00 | 38.00 | 42.00 | OK |
Version: 0.14.1
Check: CRAN incoming feasibility
Result: NOTE
Maintainer: ‘Lukasz Komsta <lukasz.komsta@umlub.pl>’
No Authors@R field in DESCRIPTION.
Please add one, modifying
Authors@R: c(person(given = "Lukasz",
family = "Komsta",
role = c("aut", "cre"),
email = "lukasz.komsta@umlub.pl"),
person(given = "Frederick",
family = "Novomestky",
role = "aut",
email = "fnovomes@poly.edu"))
as necessary.
Flavors: r-devel-linux-x86_64-debian-clang, r-devel-linux-x86_64-debian-gcc