CRAN Package Check Results for Package modeltests

Last updated on 2025-05-10 16:52:34 CEST.

Flavor Version Tinstall Tcheck Ttotal Status Flags
r-devel-linux-x86_64-debian-clang 0.1.6 2.66 33.86 36.52 NOTE
r-devel-linux-x86_64-debian-gcc 0.1.6 1.96 26.14 28.10 NOTE
r-devel-linux-x86_64-fedora-clang 0.1.6 55.67 OK
r-devel-linux-x86_64-fedora-gcc 0.1.6 55.55 OK
r-devel-windows-x86_64 0.1.6 5.00 60.00 65.00 NOTE
r-patched-linux-x86_64 0.1.6 3.11 31.07 34.18 NOTE
r-release-linux-x86_64 0.1.6 2.43 31.50 33.93 NOTE
r-release-macos-arm64 0.1.6 22.00 OK
r-release-macos-x86_64 0.1.6 34.00 OK
r-release-windows-x86_64 0.1.6 5.00 60.00 65.00 NOTE
r-oldrel-macos-arm64 0.1.6 23.00 OK
r-oldrel-macos-x86_64 0.1.6 32.00 OK
r-oldrel-windows-x86_64 0.1.6 5.00 67.00 72.00 OK

Check Details

Version: 0.1.6
Check: Rd cross-references
Result: NOTE Found the following Rd file(s) with Rd \link{} targets missing package anchors: check_arguments.Rd: testthat check_glance_outputs.Rd: glance check_single_augment_output.Rd: augment check_tibble.Rd: tidy, augment, glance Please provide package anchors for all Rd \link{} targets not in the package itself and the base packages. Flavors: r-devel-linux-x86_64-debian-clang, r-devel-linux-x86_64-debian-gcc, r-devel-windows-x86_64, r-patched-linux-x86_64, r-release-linux-x86_64, r-release-windows-x86_64