CRAN Package Check Results for Package mnreadR

Last updated on 2025-07-28 13:49:39 CEST.

Flavor Version Tinstall Tcheck Ttotal Status Flags
r-devel-linux-x86_64-debian-clang 2.1.7 7.54 74.48 82.02 NOTE
r-devel-linux-x86_64-debian-gcc 2.1.7 4.24 53.48 57.72 NOTE
r-devel-linux-x86_64-fedora-clang 2.1.7 120.14 OK
r-devel-linux-x86_64-fedora-gcc 2.1.7 120.89 OK
r-devel-windows-x86_64 2.1.7 10.00 91.00 101.00 NOTE
r-patched-linux-x86_64 2.1.7 6.86 68.28 75.14 NOTE
r-release-linux-x86_64 2.1.7 6.00 67.57 73.57 NOTE
r-release-macos-arm64 2.1.7 35.00 OK
r-release-macos-x86_64 2.1.7 71.00 OK
r-release-windows-x86_64 2.1.7 9.00 84.00 93.00 NOTE
r-oldrel-macos-arm64 2.1.7 35.00 OK
r-oldrel-macos-x86_64 2.1.7 85.00 OK
r-oldrel-windows-x86_64 2.1.7 12.00 108.00 120.00 OK

Check Details

Version: 2.1.7
Check: Rd cross-references
Result: NOTE Found the following Rd file(s) with Rd \link{} targets missing package anchors: nlmeModel.Rd: nlme Please provide package anchors for all Rd \link{} targets not in the package itself and the base packages. Flavors: r-devel-linux-x86_64-debian-clang, r-devel-linux-x86_64-debian-gcc, r-devel-windows-x86_64, r-patched-linux-x86_64, r-release-linux-x86_64, r-release-windows-x86_64