Last updated on 2025-05-10 20:49:46 CEST.
Flavor | Version | Tinstall | Tcheck | Ttotal | Status | Flags |
---|---|---|---|---|---|---|
r-devel-linux-x86_64-debian-clang | 1.2.7.1 | 7.39 | 39.67 | 47.06 | NOTE | |
r-devel-linux-x86_64-debian-gcc | 1.2.7.1 | 5.17 | 27.08 | 32.25 | NOTE | |
r-devel-linux-x86_64-fedora-clang | 1.2.7.1 | 74.61 | NOTE | |||
r-devel-linux-x86_64-fedora-gcc | 1.2.7.1 | 71.38 | NOTE | |||
r-devel-windows-x86_64 | 1.2.7.1 | 10.00 | 60.00 | 70.00 | NOTE | |
r-patched-linux-x86_64 | 1.2.7.1 | 7.28 | 37.53 | 44.81 | NOTE | |
r-release-linux-x86_64 | 1.2.7.1 | 7.56 | 37.81 | 45.37 | NOTE | |
r-release-macos-arm64 | 1.2.7.1 | 30.00 | NOTE | |||
r-release-macos-x86_64 | 1.2.7.1 | 51.00 | NOTE | |||
r-release-windows-x86_64 | 1.2.7.1 | 12.00 | 62.00 | 74.00 | NOTE | |
r-oldrel-macos-arm64 | 1.2.7.1 | 25.00 | NOTE | |||
r-oldrel-macos-x86_64 | 1.2.7.1 | 47.00 | NOTE | |||
r-oldrel-windows-x86_64 | 1.2.7.1 | 14.00 | 73.00 | 87.00 | NOTE |
Version: 1.2.7.1
Check: Rd files
Result: NOTE
checkRd: (-1) SLD.Rd:20: Escaped LaTeX specials: \&
Flavors: r-devel-linux-x86_64-debian-clang, r-devel-linux-x86_64-debian-gcc, r-devel-linux-x86_64-fedora-clang, r-devel-linux-x86_64-fedora-gcc, r-devel-windows-x86_64, r-patched-linux-x86_64, r-release-linux-x86_64, r-release-macos-arm64, r-release-macos-x86_64, r-release-windows-x86_64, r-oldrel-macos-arm64, r-oldrel-macos-x86_64, r-oldrel-windows-x86_64