Last updated on 2025-07-24 09:50:03 CEST.
Flavor | Version | Tinstall | Tcheck | Ttotal | Status | Flags |
---|---|---|---|---|---|---|
r-devel-linux-x86_64-debian-clang | 3.2.1 | 3.80 | 40.87 | 44.67 | NOTE | |
r-devel-linux-x86_64-debian-gcc | 3.2.1 | 3.15 | 31.28 | 34.43 | NOTE | |
r-devel-linux-x86_64-fedora-clang | 3.2.1 | 68.09 | NOTE | |||
r-devel-linux-x86_64-fedora-gcc | 3.2.1 | 70.39 | NOTE | |||
r-devel-windows-x86_64 | 3.2.1 | 7.00 | 66.00 | 73.00 | NOTE | |
r-patched-linux-x86_64 | 3.2.1 | 5.09 | 38.33 | 43.42 | NOTE | |
r-release-linux-x86_64 | 3.2.1 | 4.00 | 38.68 | 42.68 | NOTE | |
r-release-macos-arm64 | 3.2.1 | 23.00 | NOTE | |||
r-release-macos-x86_64 | 3.2.1 | 40.00 | NOTE | |||
r-release-windows-x86_64 | 3.2.1 | 7.00 | 69.00 | 76.00 | NOTE | |
r-oldrel-macos-arm64 | 3.2.1 | 22.00 | NOTE | |||
r-oldrel-macos-x86_64 | 3.2.1 | 34.00 | NOTE | |||
r-oldrel-windows-x86_64 | 3.2.1 | 8.00 | 74.00 | 82.00 | NOTE |
Version: 3.2.1
Check: Rd files
Result: NOTE
checkRd: (-1) gof.estimates.Rd:59-62: Lost braces in \itemize; meant \describe ?
checkRd: (-1) gof.estimates.Rd:63-66: Lost braces in \itemize; meant \describe ?
checkRd: (-1) gof.estimates.Rd:67-70: Lost braces in \itemize; meant \describe ?
checkRd: (-1) vcov.mipfp.Rd:63-66: Lost braces in \itemize; meant \describe ?
checkRd: (-1) vcov.mipfp.Rd:67-70: Lost braces in \itemize; meant \describe ?
checkRd: (-1) vcov.mipfp.Rd:71-74: Lost braces in \itemize; meant \describe ?
checkRd: (-1) vcov.mipfp.Rd:75-78: Lost braces in \itemize; meant \describe ?
checkRd: (-1) vcov.mipfp.Rd:89-91: Lost braces in \itemize; meant \describe ?
checkRd: (-1) vcov.mipfp.Rd:92-95: Lost braces in \itemize; meant \describe ?
Flavors: r-devel-linux-x86_64-debian-clang, r-devel-linux-x86_64-debian-gcc, r-devel-linux-x86_64-fedora-clang, r-devel-linux-x86_64-fedora-gcc, r-devel-windows-x86_64, r-patched-linux-x86_64, r-release-linux-x86_64, r-release-macos-arm64, r-release-macos-x86_64, r-release-windows-x86_64, r-oldrel-macos-arm64, r-oldrel-macos-x86_64, r-oldrel-windows-x86_64