Last updated on 2025-05-10 16:52:34 CEST.
Flavor | Version | Tinstall | Tcheck | Ttotal | Status | Flags |
---|---|---|---|---|---|---|
r-devel-linux-x86_64-debian-clang | 2.0.0 | 5.82 | 41.84 | 47.66 | NOTE | |
r-devel-linux-x86_64-debian-gcc | 2.0.0 | 3.66 | 29.70 | 33.36 | NOTE | |
r-devel-linux-x86_64-fedora-clang | 2.0.0 | 76.50 | OK | |||
r-devel-linux-x86_64-fedora-gcc | 2.0.0 | 74.54 | OK | |||
r-devel-windows-x86_64 | 2.0.0 | 6.00 | 63.00 | 69.00 | OK | |
r-patched-linux-x86_64 | 2.0.0 | 5.68 | 42.39 | 48.07 | OK | |
r-release-linux-x86_64 | 2.0.0 | 5.13 | 42.03 | 47.16 | OK | |
r-release-macos-arm64 | 2.0.0 | 23.00 | OK | |||
r-release-macos-x86_64 | 2.0.0 | 44.00 | OK | |||
r-release-windows-x86_64 | 2.0.0 | 8.00 | 61.00 | 69.00 | OK | |
r-oldrel-macos-arm64 | 2.0.0 | 23.00 | OK | |||
r-oldrel-macos-x86_64 | 2.0.0 | 36.00 | OK | |||
r-oldrel-windows-x86_64 | 2.0.0 | 6.00 | 56.00 | 62.00 | OK |
Version: 2.0.0
Check: CRAN incoming feasibility
Result: NOTE
Maintainer: ‘Jixiang Wu <jixiang.wu@sdstate.edu>’
No Authors@R field in DESCRIPTION.
Please add one, modifying
Authors@R: person(given = "Jixiang",
family = "Wu",
role = c("aut", "cre"),
email = "jixiang.wu@sdstate.edu")
as necessary.
Flavors: r-devel-linux-x86_64-debian-clang, r-devel-linux-x86_64-debian-gcc