Last updated on 2025-11-06 19:50:12 CET.
| Flavor | Version | Tinstall | Tcheck | Ttotal | Status | Flags |
|---|---|---|---|---|---|---|
| r-devel-linux-x86_64-debian-clang | 1.7.0 | 62.65 | 548.30 | 610.95 | OK | |
| r-devel-linux-x86_64-debian-gcc | 1.7.0 | 43.34 | 372.86 | 416.20 | OK | |
| r-devel-linux-x86_64-fedora-clang | 1.7.0 | 508.00 | 564.79 | 1072.79 | NOTE | |
| r-devel-linux-x86_64-fedora-gcc | 1.7.0 | 519.00 | 521.31 | 1040.31 | NOTE | |
| r-devel-windows-x86_64 | 1.7.0 | 65.00 | 513.00 | 578.00 | OK | |
| r-patched-linux-x86_64 | 1.7.0 | 62.22 | 525.57 | 587.79 | OK | |
| r-release-linux-x86_64 | 1.7.0 | 0.22 | 1.91 | 2.13 | ERROR | |
| r-release-macos-arm64 | 1.7.0 | 5.00 | ERROR | |||
| r-release-macos-x86_64 | 1.7.0 | 7.00 | ERROR | |||
| r-release-windows-x86_64 | 1.7.0 | 62.00 | 506.00 | 568.00 | OK | |
| r-oldrel-macos-arm64 | 1.7.0 | 30.00 | 205.00 | 235.00 | OK | |
| r-oldrel-macos-x86_64 | 1.7.0 | 12.00 | ERROR | |||
| r-oldrel-windows-x86_64 | 1.7.0 | 63.00 | 599.00 | 662.00 | OK |
Version: 1.7.0
Check: dependencies in R code
Result: NOTE
Namespace in Imports field not imported from: ‘methods’
All declared Imports should be used.
Flavors: r-devel-linux-x86_64-fedora-clang, r-devel-linux-x86_64-fedora-gcc
Version: 1.7.0
Check: package dependencies
Result: ERROR
Package required but not available: ‘TreeSummarizedExperiment’
See section ‘The DESCRIPTION file’ in the ‘Writing R Extensions’
manual.
Flavors: r-release-linux-x86_64, r-release-macos-arm64, r-release-macos-x86_64, r-oldrel-macos-x86_64