Last updated on 2025-05-10 08:50:43 CEST.
Flavor | Version | Tinstall | Tcheck | Ttotal | Status | Flags |
---|---|---|---|---|---|---|
r-devel-linux-x86_64-debian-clang | 3.1.1 | 5.45 | 38.54 | 43.99 | OK | |
r-devel-linux-x86_64-debian-gcc | 3.1.1 | 4.35 | 29.51 | 33.86 | OK | |
r-devel-linux-x86_64-fedora-clang | 3.1.1 | 75.60 | OK | |||
r-devel-linux-x86_64-fedora-gcc | 3.1.1 | 68.91 | OK | |||
r-devel-windows-x86_64 | 3.1.1 | 5.00 | 62.00 | 67.00 | OK | |
r-patched-linux-x86_64 | 3.1.1 | 5.33 | 35.93 | 41.26 | OK | |
r-release-linux-x86_64 | 3.1.1 | 4.95 | 35.99 | 40.94 | OK | |
r-release-macos-arm64 | 3.1.1 | 42.00 | OK | |||
r-release-macos-x86_64 | 3.1.1 | 54.00 | OK | |||
r-release-windows-x86_64 | 3.1.1 | 6.00 | 54.00 | 60.00 | OK | |
r-oldrel-macos-arm64 | 3.1.1 | 34.00 | NOTE | |||
r-oldrel-macos-x86_64 | 3.1.1 | 76.00 | NOTE | |||
r-oldrel-windows-x86_64 | 3.1.1 | 8.00 | 61.00 | 69.00 | NOTE |
Version: 3.1.1
Check: LazyData
Result: NOTE
'LazyData' is specified without a 'data' directory
Flavors: r-oldrel-macos-arm64, r-oldrel-macos-x86_64, r-oldrel-windows-x86_64