Last updated on 2025-05-10 20:49:45 CEST.
Flavor | Version | Tinstall | Tcheck | Ttotal | Status | Flags |
---|---|---|---|---|---|---|
r-devel-linux-x86_64-debian-clang | 1.0.2 | 4.42 | 51.85 | 56.27 | OK | |
r-devel-linux-x86_64-debian-gcc | 1.0.2 | 3.26 | 36.86 | 40.12 | OK | |
r-devel-linux-x86_64-fedora-clang | 1.0.2 | 82.36 | OK | |||
r-devel-linux-x86_64-fedora-gcc | 1.0.2 | 96.08 | OK | |||
r-devel-windows-x86_64 | 1.0.2 | 6.00 | 78.00 | 84.00 | OK | |
r-patched-linux-x86_64 | 1.0.2 | 4.95 | 43.27 | 48.22 | OK | |
r-release-linux-x86_64 | 1.0.2 | 4.12 | 43.61 | 47.73 | OK | |
r-release-macos-arm64 | 1.0.2 | 45.00 | OK | |||
r-release-macos-x86_64 | 1.0.2 | 80.00 | OK | |||
r-release-windows-x86_64 | 1.0.2 | 6.00 | 77.00 | 83.00 | OK | |
r-oldrel-macos-arm64 | 1.0.2 | 52.00 | NOTE | |||
r-oldrel-macos-x86_64 | 1.0.2 | 57.00 | NOTE | |||
r-oldrel-windows-x86_64 | 1.0.2 | 7.00 | 85.00 | 92.00 | NOTE |
Version: 1.0.2
Check: package dependencies
Result: NOTE
Package suggested but not available for checking: ‘midfielddata’
Flavors: r-oldrel-macos-arm64, r-oldrel-macos-x86_64, r-oldrel-windows-x86_64