Last updated on 2024-05-19 12:53:51 CEST.
Flavor | Version | Tinstall | Tcheck | Ttotal | Status | Flags |
---|---|---|---|---|---|---|
r-devel-linux-x86_64-debian-clang | 1.0.1 | 3.21 | 39.27 | 42.48 | NOTE | |
r-devel-linux-x86_64-debian-gcc | 1.0.1 | 2.18 | 29.64 | 31.82 | NOTE | |
r-devel-linux-x86_64-fedora-clang | 1.0.1 | 54.45 | NOTE | |||
r-devel-linux-x86_64-fedora-gcc | 1.0.1 | 68.95 | NOTE | |||
r-devel-windows-x86_64 | 1.0.1 | 4.00 | 65.00 | 69.00 | NOTE | |
r-patched-linux-x86_64 | 1.0.1 | 2.00 | 37.45 | 39.45 | NOTE | |
r-release-linux-x86_64 | 1.0.1 | 2.12 | 39.13 | 41.25 | NOTE | |
r-release-macos-arm64 | 1.0.1 | 29.00 | NOTE | |||
r-release-windows-x86_64 | 1.0.1 | 5.00 | 73.00 | 78.00 | NOTE | |
r-oldrel-macos-arm64 | 1.0.1 | 28.00 | NOTE | |||
r-oldrel-macos-x86_64 | 1.0.1 | 41.00 | NOTE | |||
r-oldrel-windows-x86_64 | 1.0.1 | 5.00 | 70.00 | 75.00 | NOTE |
Version: 1.0.1
Check: LazyData
Result: NOTE
'LazyData' is specified without a 'data' directory
Flavors: r-devel-linux-x86_64-debian-clang, r-devel-linux-x86_64-debian-gcc, r-devel-linux-x86_64-fedora-clang, r-devel-linux-x86_64-fedora-gcc, r-devel-windows-x86_64, r-patched-linux-x86_64, r-release-linux-x86_64, r-release-macos-arm64, r-release-windows-x86_64, r-oldrel-macos-arm64, r-oldrel-macos-x86_64, r-oldrel-windows-x86_64
Version: 1.0.1
Check: dependencies in R code
Result: NOTE
Namespaces in Imports field not imported from:
‘DT’ ‘ggiraph’ ‘ggplot2’ ‘grid’ ‘gtools’ ‘scales’ ‘shinyBS’
‘shinyWidgets’ ‘tidyr’
All declared Imports should be used.
Flavors: r-devel-linux-x86_64-fedora-clang, r-devel-linux-x86_64-fedora-gcc