Last updated on 2025-05-10 16:52:33 CEST.
Flavor | Version | Tinstall | Tcheck | Ttotal | Status | Flags |
---|---|---|---|---|---|---|
r-devel-linux-x86_64-debian-clang | 1.1.1 | 16.40 | 174.98 | 191.38 | NOTE | |
r-devel-linux-x86_64-debian-gcc | 1.1.1 | 12.56 | 125.01 | 137.57 | NOTE | |
r-devel-linux-x86_64-fedora-clang | 1.1.1 | 313.95 | OK | |||
r-devel-linux-x86_64-fedora-gcc | 1.1.1 | 306.31 | OK | |||
r-devel-windows-x86_64 | 1.1.1 | 18.00 | 169.00 | 187.00 | NOTE | |
r-patched-linux-x86_64 | 1.1.1 | 17.19 | 163.33 | 180.52 | NOTE | |
r-release-linux-x86_64 | 1.1.1 | 16.38 | 162.26 | 178.64 | NOTE | |
r-release-macos-arm64 | 1.1.1 | 80.00 | OK | |||
r-release-macos-x86_64 | 1.1.1 | 178.00 | OK | |||
r-release-windows-x86_64 | 1.1.1 | 16.00 | 169.00 | 185.00 | NOTE | |
r-oldrel-macos-arm64 | 1.1.1 | 79.00 | OK | |||
r-oldrel-macos-x86_64 | 1.1.1 | 120.00 | OK | |||
r-oldrel-windows-x86_64 | 1.1.1 | 23.00 | 218.00 | 241.00 | OK |
Version: 1.1.1
Check: CRAN incoming feasibility
Result: NOTE
Maintainer: ‘Ronja Foraita <foraita@leibniz-bips.de>’
The Description field contains
RM, Foraita R, Didelez V, Witte J (2021) <arXiv:2108.13395>; Witte J,
Please refer to arXiv e-prints via their arXiv DOI <doi:10.48550/arXiv.YYMM.NNNNN>.
Flavors: r-devel-linux-x86_64-debian-clang, r-devel-linux-x86_64-debian-gcc
Version: 1.1.1
Check: Rd cross-references
Result: NOTE
Found the following Rd file(s) with Rd \link{} targets missing package
anchors:
flexCItest.Rd: gaussCItest, disCItest
getSuff.Rd: gaussCItest, disCItest
Please provide package anchors for all Rd \link{} targets not in the
package itself and the base packages.
Flavors: r-devel-linux-x86_64-debian-clang, r-devel-linux-x86_64-debian-gcc, r-devel-windows-x86_64, r-patched-linux-x86_64, r-release-linux-x86_64, r-release-windows-x86_64