Last updated on 2025-05-10 16:52:33 CEST.
Flavor | Version | Tinstall | Tcheck | Ttotal | Status | Flags |
---|---|---|---|---|---|---|
r-devel-linux-x86_64-debian-clang | 0.1-4 | 8.08 | 61.93 | 70.01 | NOTE | |
r-devel-linux-x86_64-debian-gcc | 0.1-4 | 5.31 | 45.73 | 51.04 | NOTE | |
r-devel-linux-x86_64-fedora-clang | 0.1-4 | 108.82 | OK | |||
r-devel-linux-x86_64-fedora-gcc | 0.1-4 | 105.65 | OK | |||
r-devel-windows-x86_64 | 0.1-4 | 8.00 | 70.00 | 78.00 | OK | |
r-patched-linux-x86_64 | 0.1-4 | 7.46 | 59.51 | 66.97 | OK | |
r-release-linux-x86_64 | 0.1-4 | 7.52 | 60.36 | 67.88 | OK | |
r-release-macos-arm64 | 0.1-4 | 36.00 | OK | |||
r-release-macos-x86_64 | 0.1-4 | 63.00 | OK | |||
r-release-windows-x86_64 | 0.1-4 | 8.00 | 73.00 | 81.00 | OK | |
r-oldrel-macos-arm64 | 0.1-4 | 34.00 | OK | |||
r-oldrel-macos-x86_64 | 0.1-4 | 49.00 | OK | |||
r-oldrel-windows-x86_64 | 0.1-4 | 11.00 | 87.00 | 98.00 | OK |
Version: 0.1-4
Check: CRAN incoming feasibility
Result: NOTE
Maintainer: ‘Cai Li <cai.li.stats@gmail.com>’
No Authors@R field in DESCRIPTION.
Please add one, modifying
Authors@R: c(person(given = "Cai",
family = "Li",
role = c("aut", "cre"),
email = "cai.li.stats@gmail.com"),
person(given = "Luo",
family = "Xiao",
role = "aut"))
as necessary.
Flavors: r-devel-linux-x86_64-debian-clang, r-devel-linux-x86_64-debian-gcc