Last updated on 2025-11-06 19:50:12 CET.
| Flavor | Version | Tinstall | Tcheck | Ttotal | Status | Flags |
|---|---|---|---|---|---|---|
| r-devel-linux-x86_64-debian-clang | 1.2 | 12.28 | 161.35 | 173.63 | OK | |
| r-devel-linux-x86_64-debian-gcc | 1.2 | 9.32 | 110.90 | 120.22 | OK | |
| r-devel-linux-x86_64-fedora-clang | 1.2 | 26.00 | 245.17 | 271.17 | NOTE | |
| r-devel-linux-x86_64-fedora-gcc | 1.2 | 25.00 | 248.76 | 273.76 | NOTE | |
| r-devel-windows-x86_64 | 1.2 | 13.00 | 159.00 | 172.00 | OK | |
| r-patched-linux-x86_64 | 1.2 | 11.92 | 155.59 | 167.51 | OK | |
| r-release-linux-x86_64 | 1.2 | 11.19 | 151.15 | 162.34 | OK | |
| r-release-macos-arm64 | 1.2 | 5.00 | 70.00 | 75.00 | OK | |
| r-release-macos-x86_64 | 1.2 | 11.00 | 129.00 | 140.00 | OK | |
| r-release-windows-x86_64 | 1.2 | 13.00 | 158.00 | 171.00 | OK | |
| r-oldrel-macos-arm64 | 1.2 | 6.00 | 70.00 | 76.00 | OK | |
| r-oldrel-macos-x86_64 | 1.2 | 9.00 | 103.00 | 112.00 | OK | |
| r-oldrel-windows-x86_64 | 1.2 | 19.00 | 212.00 | 231.00 | OK |
Version: 1.2
Check: dependencies in R code
Result: NOTE
Namespace in Imports field not imported from: ‘lmerTest’
All declared Imports should be used.
Flavors: r-devel-linux-x86_64-fedora-clang, r-devel-linux-x86_64-fedora-gcc