Last updated on 2025-07-22 09:50:37 CEST.
Flavor | Version | Tinstall | Tcheck | Ttotal | Status | Flags |
---|---|---|---|---|---|---|
r-devel-linux-x86_64-debian-clang | 2.1.1 | 12.29 | 73.26 | 85.55 | NOTE | |
r-devel-linux-x86_64-debian-gcc | 2.1.1 | 8.80 | 51.75 | 60.55 | NOTE | |
r-devel-linux-x86_64-fedora-clang | 2.1.1 | 140.99 | OK | |||
r-devel-linux-x86_64-fedora-gcc | 2.1.1 | 133.83 | OK | |||
r-devel-windows-x86_64 | 2.1.1 | 14.00 | 84.00 | 98.00 | OK | |
r-patched-linux-x86_64 | 2.1.1 | 13.37 | 69.22 | 82.59 | OK | |
r-release-linux-x86_64 | 2.1.1 | 13.19 | 71.14 | 84.33 | OK | |
r-release-macos-arm64 | 2.1.1 | 42.00 | OK | |||
r-release-macos-x86_64 | 2.1.1 | 80.00 | OK | |||
r-release-windows-x86_64 | 2.1.1 | 15.00 | 84.00 | 99.00 | OK | |
r-oldrel-macos-arm64 | 2.1.1 | 36.00 | NOTE | |||
r-oldrel-macos-x86_64 | 2.1.1 | 56.00 | NOTE | |||
r-oldrel-windows-x86_64 | 2.1.1 | 20.00 | 106.00 | 126.00 | OK |
Version: 2.1.1
Check: CRAN incoming feasibility
Result: NOTE
Maintainer: ‘Jingyi Guo <jingyi.guo@ntnu.no>’
No Authors@R field in DESCRIPTION.
Please add one, modifying
Authors@R: c(person(given = "Jingyi",
family = "Guo",
role = c("aut", "cre"),
email = "jingyi.guo@ntnu.no"),
person(given = "Andrea",
family = "Riebler",
role = "aut",
email = "andrea.riebler@ntnu.no"))
as necessary.
Flavors: r-devel-linux-x86_64-debian-clang, r-devel-linux-x86_64-debian-gcc
Version: 2.1.1
Check: package dependencies
Result: NOTE
Package suggested but not available for checking: ‘INLA’
Flavors: r-oldrel-macos-arm64, r-oldrel-macos-x86_64