Last updated on 2025-05-10 20:49:45 CEST.
Flavor | Version | Tinstall | Tcheck | Ttotal | Status | Flags |
---|---|---|---|---|---|---|
r-devel-linux-x86_64-debian-clang | 1.0 | 4.65 | 45.38 | 50.03 | OK | |
r-devel-linux-x86_64-debian-gcc | 1.0 | 3.95 | 32.59 | 36.54 | OK | |
r-devel-linux-x86_64-fedora-clang | 1.0 | 79.61 | NOTE | |||
r-devel-linux-x86_64-fedora-gcc | 1.0 | 87.65 | NOTE | |||
r-devel-windows-x86_64 | 1.0 | 6.00 | 62.00 | 68.00 | OK | |
r-patched-linux-x86_64 | 1.0 | 5.15 | 41.09 | 46.24 | OK | |
r-release-linux-x86_64 | 1.0 | 5.53 | 40.43 | 45.96 | OK | |
r-release-macos-arm64 | 1.0 | 33.00 | OK | |||
r-release-macos-x86_64 | 1.0 | 57.00 | OK | |||
r-release-windows-x86_64 | 1.0 | 8.00 | 64.00 | 72.00 | OK | |
r-oldrel-macos-arm64 | 1.0 | 32.00 | OK | |||
r-oldrel-macos-x86_64 | 1.0 | 70.00 | OK | |||
r-oldrel-windows-x86_64 | 1.0 | 9.00 | 72.00 | 81.00 | OK |
Version: 1.0
Check: dependencies in R code
Result: NOTE
Namespace in Imports field not imported from: ‘gt’
All declared Imports should be used.
Flavors: r-devel-linux-x86_64-fedora-clang, r-devel-linux-x86_64-fedora-gcc