CRAN Package Check Results for Package mekko

Last updated on 2025-05-10 16:52:33 CEST.

Flavor Version Tinstall Tcheck Ttotal Status Flags
r-devel-linux-x86_64-debian-clang 0.1.0 1.69 28.78 30.47 OK
r-devel-linux-x86_64-debian-gcc 0.1.0 1.32 22.93 24.25 OK
r-devel-linux-x86_64-fedora-clang 0.1.0 48.25 OK
r-devel-linux-x86_64-fedora-gcc 0.1.0 62.34 OK
r-devel-windows-x86_64 0.1.0 4.00 52.00 56.00 OK
r-patched-linux-x86_64 0.1.0 1.60 27.53 29.13 OK
r-release-linux-x86_64 0.1.0 1.70 27.55 29.25 OK
r-release-macos-arm64 0.1.0 51.00 OK
r-release-macos-x86_64 0.1.0 45.00 OK
r-release-windows-x86_64 0.1.0 3.00 53.00 56.00 OK
r-oldrel-macos-arm64 0.1.0 25.00 NOTE
r-oldrel-macos-x86_64 0.1.0 38.00 NOTE
r-oldrel-windows-x86_64 0.1.0 3.00 59.00 62.00 NOTE

Check Details

Version: 0.1.0
Check: LazyData
Result: NOTE 'LazyData' is specified without a 'data' directory Flavors: r-oldrel-macos-arm64, r-oldrel-macos-x86_64, r-oldrel-windows-x86_64