Last updated on 2025-05-10 20:49:45 CEST.
Flavor | Version | Tinstall | Tcheck | Ttotal | Status | Flags |
---|---|---|---|---|---|---|
r-devel-linux-x86_64-debian-clang | 0.2-2 | 4.74 | 41.13 | 45.87 | NOTE | |
r-devel-linux-x86_64-debian-gcc | 0.2-2 | 2.56 | 30.16 | 32.72 | NOTE | |
r-devel-linux-x86_64-fedora-clang | 0.2-2 | 70.95 | NOTE | |||
r-devel-linux-x86_64-fedora-gcc | 0.2-2 | 85.35 | NOTE | |||
r-devel-windows-x86_64 | 0.2-2 | 5.00 | 61.00 | 66.00 | OK | |
r-patched-linux-x86_64 | 0.2-2 | 4.31 | 38.43 | 42.74 | OK | |
r-release-linux-x86_64 | 0.2-2 | 4.54 | 38.63 | 43.17 | OK | |
r-release-macos-arm64 | 0.2-2 | 28.00 | OK | |||
r-release-macos-x86_64 | 0.2-2 | 56.00 | OK | |||
r-release-windows-x86_64 | 0.2-2 | 6.00 | 62.00 | 68.00 | OK | |
r-oldrel-macos-arm64 | 0.2-2 | 28.00 | OK | |||
r-oldrel-macos-x86_64 | 0.2-2 | 45.00 | OK | |||
r-oldrel-windows-x86_64 | 0.2-2 | 7.00 | 70.00 | 77.00 | OK |
Version: 0.2-2
Check: CRAN incoming feasibility
Result: NOTE
Maintainer: ‘Walter K Kremers <kremers.walter@mayo.edu>’
The Description field contains
<arXiv:2106.14063> and is an extension of the works by Chen Y-H, Chen
Please refer to arXiv e-prints via their arXiv DOI <doi:10.48550/arXiv.YYMM.NNNNN>.
Flavors: r-devel-linux-x86_64-debian-clang, r-devel-linux-x86_64-debian-gcc
Version: 0.2-2
Check: dependencies in R code
Result: NOTE
Namespace in Imports field not imported from: ‘dplyr’
All declared Imports should be used.
Flavors: r-devel-linux-x86_64-fedora-clang, r-devel-linux-x86_64-fedora-gcc