Last updated on 2025-07-16 04:50:16 CEST.
Flavor | Version | Tinstall | Tcheck | Ttotal | Status | Flags |
---|---|---|---|---|---|---|
r-devel-linux-x86_64-debian-clang | 0.3.0 | 23.68 | 162.83 | 186.51 | NOTE | |
r-devel-linux-x86_64-debian-gcc | 0.3.0 | 16.55 | 113.43 | 129.98 | NOTE | |
r-devel-linux-x86_64-fedora-clang | 0.3.0 | 309.53 | OK | |||
r-devel-linux-x86_64-fedora-gcc | 0.3.0 | 273.53 | OK | |||
r-devel-windows-x86_64 | 0.3.0 | 24.00 | 142.00 | 166.00 | NOTE | |
r-patched-linux-x86_64 | 0.3.0 | 23.22 | 152.88 | 176.10 | NOTE | |
r-release-linux-x86_64 | 0.3.0 | 22.99 | 151.19 | 174.18 | NOTE | |
r-release-macos-arm64 | 0.3.0 | 74.00 | OK | |||
r-release-macos-x86_64 | 0.3.0 | 151.00 | OK | |||
r-release-windows-x86_64 | 0.3.0 | 24.00 | 151.00 | 175.00 | NOTE | |
r-oldrel-macos-arm64 | 0.3.0 | 73.00 | OK | |||
r-oldrel-macos-x86_64 | 0.3.0 | 107.00 | OK | |||
r-oldrel-windows-x86_64 | 0.3.0 | 35.00 | 191.00 | 226.00 | OK |
Version: 0.3.0
Check: Rd cross-references
Result: NOTE
Found the following Rd file(s) with Rd \link{} targets missing package
anchors:
betaturn.Rd: microtable, trans_beta
taxaturn.Rd: microtable
Please provide package anchors for all Rd \link{} targets not in the
package itself and the base packages.
Flavors: r-devel-linux-x86_64-debian-clang, r-devel-linux-x86_64-debian-gcc, r-devel-windows-x86_64, r-patched-linux-x86_64, r-release-linux-x86_64, r-release-windows-x86_64