Last updated on 2025-05-10 20:49:45 CEST.
Flavor | Version | Tinstall | Tcheck | Ttotal | Status | Flags |
---|---|---|---|---|---|---|
r-devel-linux-x86_64-debian-clang | 1.0.0 | 12.25 | 111.40 | 123.65 | NOTE | |
r-devel-linux-x86_64-debian-gcc | 1.0.0 | 8.60 | 80.27 | 88.87 | NOTE | |
r-devel-linux-x86_64-fedora-clang | 1.0.0 | 184.06 | OK | |||
r-devel-linux-x86_64-fedora-gcc | 1.0.0 | 201.59 | OK | |||
r-devel-windows-x86_64 | 1.0.0 | 13.00 | 113.00 | 126.00 | OK | |
r-patched-linux-x86_64 | 1.0.0 | 11.77 | 103.47 | 115.24 | OK | |
r-release-linux-x86_64 | 1.0.0 | 10.31 | 103.33 | 113.64 | OK | |
r-release-macos-arm64 | 1.0.0 | 102.00 | OK | |||
r-release-macos-x86_64 | 1.0.0 | 119.00 | OK | |||
r-release-windows-x86_64 | 1.0.0 | 14.00 | 115.00 | 129.00 | OK | |
r-oldrel-macos-arm64 | 1.0.0 | 60.00 | OK | |||
r-oldrel-macos-x86_64 | 1.0.0 | 87.00 | OK | |||
r-oldrel-windows-x86_64 | 1.0.0 | 18.00 | 184.00 | 202.00 | OK |
Version: 1.0.0
Check: CRAN incoming feasibility
Result: NOTE
Maintainer: ‘Linda Nab <lindanab4@gmail.com>’
No Authors@R field in DESCRIPTION.
Please add one, modifying
Authors@R: person(given = "Linda",
family = "Nab",
role = c("aut", "cre"),
email = "lindanab4@gmail.com")
as necessary.
Flavors: r-devel-linux-x86_64-debian-clang, r-devel-linux-x86_64-debian-gcc