Last updated on 2025-07-24 20:49:30 CEST.
Flavor | Version | Tinstall | Tcheck | Ttotal | Status | Flags |
---|---|---|---|---|---|---|
r-devel-linux-x86_64-debian-clang | 1.0.0 | 429.27 | 543.87 | 973.14 | OK | |
r-devel-linux-x86_64-debian-gcc | 1.0.0 | 373.58 | 353.10 | 726.68 | OK | |
r-devel-linux-x86_64-fedora-clang | 1.0.0 | 1508.01 | NOTE | |||
r-devel-linux-x86_64-fedora-gcc | 1.0.0 | 1816.84 | NOTE | |||
r-devel-windows-x86_64 | 1.0.0 | 473.00 | 506.00 | 979.00 | OK | |
r-patched-linux-x86_64 | 1.0.0 | 471.74 | 582.10 | 1053.84 | OK | |
r-release-linux-x86_64 | 1.0.0 | 472.41 | 583.48 | 1055.89 | OK | |
r-release-macos-arm64 | 1.0.0 | 357.00 | OK | |||
r-release-macos-x86_64 | 1.0.0 | 612.00 | OK | |||
r-release-windows-x86_64 | 1.0.0 | 480.00 | 503.00 | 983.00 | OK | |
r-oldrel-macos-arm64 | 1.0.0 | 210.00 | NOTE | |||
r-oldrel-macos-x86_64 | 1.0.0 | 316.00 | NOTE | |||
r-oldrel-windows-x86_64 | 1.0.0 | 529.00 | 736.00 | 1265.00 | NOTE |
Version: 1.0.0
Check: dependencies in R code
Result: NOTE
Namespaces in Imports field not imported from:
‘RcppParallel’ ‘rstantools’
All declared Imports should be used.
Flavors: r-devel-linux-x86_64-fedora-clang, r-devel-linux-x86_64-fedora-gcc
Version: 1.0.0
Check: package dependencies
Result: NOTE
Package suggested but not available for checking: ‘cmdstanr’
Flavors: r-oldrel-macos-arm64, r-oldrel-macos-x86_64, r-oldrel-windows-x86_64
Version: 1.0.0
Check: installed package size
Result: NOTE
installed size is 85.7Mb
sub-directories of 1Mb or more:
libs 84.2Mb
Flavors: r-oldrel-macos-arm64, r-oldrel-macos-x86_64, r-oldrel-windows-x86_64
Version: 1.0.0
Check: for GNU extensions in Makefiles
Result: NOTE
GNU make is a SystemRequirements.
Flavors: r-oldrel-macos-arm64, r-oldrel-macos-x86_64, r-oldrel-windows-x86_64