Last updated on 2025-05-10 16:52:33 CEST.
Flavor | Version | Tinstall | Tcheck | Ttotal | Status | Flags |
---|---|---|---|---|---|---|
r-devel-linux-x86_64-debian-clang | 0.7-6 | 22.74 | 189.31 | 212.05 | NOTE | |
r-devel-linux-x86_64-debian-gcc | 0.7-6 | 16.89 | 152.20 | 169.09 | NOTE | |
r-devel-linux-x86_64-fedora-clang | 0.7-6 | 349.51 | OK | |||
r-devel-linux-x86_64-fedora-gcc | 0.7-6 | 357.10 | OK | |||
r-devel-windows-x86_64 | 0.7-6 | 27.00 | 199.00 | 226.00 | NOTE | |
r-patched-linux-x86_64 | 0.7-6 | 22.34 | 181.18 | 203.52 | NOTE | |
r-release-linux-x86_64 | 0.7-6 | 22.05 | 180.06 | 202.11 | NOTE | |
r-release-macos-arm64 | 0.7-6 | 97.00 | OK | |||
r-release-macos-x86_64 | 0.7-6 | 176.00 | OK | |||
r-release-windows-x86_64 | 0.7-6 | 26.00 | 208.00 | 234.00 | NOTE | |
r-oldrel-macos-arm64 | 0.7-6 | 92.00 | OK | |||
r-oldrel-macos-x86_64 | 0.7-6 | 138.00 | OK | |||
r-oldrel-windows-x86_64 | 0.7-6 | 33.00 | 243.00 | 276.00 | OK |
Version: 0.7-6
Check: Rd cross-references
Result: NOTE
Found the following Rd file(s) with Rd \link{} targets missing package
anchors:
findOptimalSmacofSym.rd: data.Normalization, dist.GDM, smacofSym
optSmacofSymInterval.rd: data.Normalization, interval_normalization,
dist.Symbolic, smacofSym
optSmacofSym_mMDS.rd: data.Normalization, dist.GDM, smacofSym
optSmacofSym_nMDS.rd: data.Normalization, dist.GDM, smacofSym
rotation2dAnimation.rd: ani.options, im.convert, saveGIF, saveHTML,
saveLatex, saveSWF
Please provide package anchors for all Rd \link{} targets not in the
package itself and the base packages.
Flavors: r-devel-linux-x86_64-debian-clang, r-devel-linux-x86_64-debian-gcc, r-devel-windows-x86_64, r-patched-linux-x86_64, r-release-linux-x86_64, r-release-windows-x86_64