CRAN Package Check Results for Package mdendro

Last updated on 2025-07-28 13:49:38 CEST.

Flavor Version Tinstall Tcheck Ttotal Status Flags
r-devel-linux-x86_64-debian-clang 2.2.1 20.00 60.53 80.53 NOTE
r-devel-linux-x86_64-debian-gcc 2.2.1 15.01 47.84 62.85 NOTE
r-devel-linux-x86_64-fedora-clang 2.2.1 159.12 OK
r-devel-linux-x86_64-fedora-gcc 2.2.1 144.98 OK
r-devel-windows-x86_64 2.2.1 31.00 82.00 113.00 NOTE
r-patched-linux-x86_64 2.2.1 20.35 58.48 78.83 NOTE
r-release-linux-x86_64 2.2.1 20.67 58.38 79.05 NOTE
r-release-macos-arm64 2.2.1 84.00 OK
r-release-macos-x86_64 2.2.1 68.00 OK
r-release-windows-x86_64 2.2.1 30.00 78.00 108.00 NOTE
r-oldrel-macos-arm64 2.2.1 37.00 OK
r-oldrel-macos-x86_64 2.2.1 52.00 OK
r-oldrel-windows-x86_64 2.2.1 29.00 100.00 129.00 OK

Check Details

Version: 2.2.1
Check: Rd cross-references
Result: NOTE Found the following Rd file(s) with Rd \link{} targets missing package anchors: linkage.Rd: agnes Please provide package anchors for all Rd \link{} targets not in the package itself and the base packages. Flavors: r-devel-linux-x86_64-debian-clang, r-devel-linux-x86_64-debian-gcc, r-devel-windows-x86_64, r-patched-linux-x86_64, r-release-linux-x86_64, r-release-windows-x86_64