Last updated on 2024-05-19 12:53:51 CEST.
Flavor | Version | Tinstall | Tcheck | Ttotal | Status | Flags |
---|---|---|---|---|---|---|
r-devel-linux-x86_64-debian-clang | 0.7.0 | 19.53 | 143.99 | 163.52 | NOTE | |
r-devel-linux-x86_64-debian-gcc | 0.7.0 | 14.29 | 107.23 | 121.52 | NOTE | |
r-devel-linux-x86_64-fedora-clang | 0.7.0 | 201.02 | NOTE | |||
r-devel-linux-x86_64-fedora-gcc | 0.7.0 | 239.59 | NOTE | |||
r-devel-windows-x86_64 | 0.7.0 | 16.00 | 111.00 | 127.00 | NOTE | |
r-patched-linux-x86_64 | 0.7.0 | 14.37 | 138.78 | 153.15 | NOTE | |
r-release-linux-x86_64 | 0.7.0 | 12.01 | 135.82 | 147.83 | NOTE | |
r-release-macos-arm64 | 0.7.0 | 51.00 | NOTE | |||
r-release-windows-x86_64 | 0.7.0 | 15.00 | 115.00 | 130.00 | NOTE | |
r-oldrel-macos-arm64 | 0.7.0 | 53.00 | NOTE | |||
r-oldrel-macos-x86_64 | 0.7.0 | 93.00 | NOTE | |||
r-oldrel-windows-x86_64 | 0.7.0 | 21.00 | 140.00 | 161.00 | NOTE |
Version: 0.7.0
Check: LazyData
Result: NOTE
'LazyData' is specified without a 'data' directory
Flavors: r-devel-linux-x86_64-debian-clang, r-devel-linux-x86_64-debian-gcc, r-devel-linux-x86_64-fedora-clang, r-devel-linux-x86_64-fedora-gcc, r-devel-windows-x86_64, r-patched-linux-x86_64, r-release-linux-x86_64, r-release-macos-arm64, r-release-windows-x86_64, r-oldrel-macos-arm64, r-oldrel-macos-x86_64, r-oldrel-windows-x86_64