CRAN Package Check Results for Package mbir

Last updated on 2025-07-28 09:50:06 CEST.

Flavor Version Tinstall Tcheck Ttotal Status Flags
r-devel-linux-x86_64-debian-clang 1.3.5 4.03 36.82 40.85 OK
r-devel-linux-x86_64-debian-gcc 1.3.5 3.01 27.11 30.12 OK
r-devel-linux-x86_64-fedora-clang 1.3.5 66.22 NOTE
r-devel-linux-x86_64-fedora-gcc 1.3.5 80.13 NOTE
r-devel-windows-x86_64 1.3.5 6.00 60.00 66.00 OK
r-patched-linux-x86_64 1.3.5 4.99 34.32 39.31 OK
r-release-linux-x86_64 1.3.5 4.72 34.62 39.34 OK
r-release-macos-arm64 1.3.5 48.00 OK
r-release-macos-x86_64 1.3.5 73.00 OK
r-release-windows-x86_64 1.3.5 6.00 56.00 62.00 OK
r-oldrel-macos-arm64 1.3.5 27.00 NOTE
r-oldrel-macos-x86_64 1.3.5 41.00 NOTE
r-oldrel-windows-x86_64 1.3.5 7.00 65.00 72.00 NOTE

Check Details

Version: 1.3.5
Check: dependencies in R code
Result: NOTE Namespaces in Imports field not imported from: ‘effsize’ ‘psych’ All declared Imports should be used. Flavors: r-devel-linux-x86_64-fedora-clang, r-devel-linux-x86_64-fedora-gcc

Version: 1.3.5
Check: LazyData
Result: NOTE 'LazyData' is specified without a 'data' directory Flavors: r-oldrel-macos-arm64, r-oldrel-macos-x86_64, r-oldrel-windows-x86_64