CRAN Package Check Results for Package matlib

Last updated on 2025-07-13 13:49:20 CEST.

Flavor Version Tinstall Tcheck Ttotal Status Flags
r-devel-linux-x86_64-debian-clang 1.0.0 10.09 123.44 133.53 NOTE
r-devel-linux-x86_64-debian-gcc 1.0.0 7.55 97.30 104.85 NOTE
r-devel-linux-x86_64-fedora-clang 1.0.0 210.04 NOTE
r-devel-linux-x86_64-fedora-gcc 1.0.0 211.94 NOTE
r-devel-windows-x86_64 1.0.0 12.00 154.00 166.00 NOTE
r-patched-linux-x86_64 1.0.0 10.76 119.89 130.65 NOTE
r-release-linux-x86_64 1.0.0 8.28 115.26 123.54 NOTE
r-release-macos-arm64 1.0.0 78.00 NOTE
r-release-macos-x86_64 1.0.0 135.00 NOTE
r-release-windows-x86_64 1.0.0 13.00 163.00 176.00 NOTE
r-oldrel-macos-arm64 1.0.0 75.00 OK
r-oldrel-macos-x86_64 1.0.0 171.00 OK
r-oldrel-windows-x86_64 1.0.0 16.00 184.00 200.00 OK

Check Details

Version: 1.0.0
Check: DESCRIPTION meta-information
Result: NOTE Missing dependency on R >= 4.2.0 because package code uses the pipe placeholder syntax added in R 4.2.0. File(s) using such syntax: ‘latexMatrix.R’ Flavors: r-devel-linux-x86_64-debian-clang, r-devel-linux-x86_64-debian-gcc, r-devel-linux-x86_64-fedora-clang, r-devel-linux-x86_64-fedora-gcc, r-devel-windows-x86_64, r-patched-linux-x86_64, r-release-linux-x86_64, r-release-macos-arm64, r-release-windows-x86_64

Version: 1.0.0
Check: DESCRIPTION meta-information
Result: NOTE Missing dependency on R >= 4.1.0 because package code uses the pipe |> or function shorthand \(...) syntax added in R 4.1.0. File(s) using such syntax: ‘latexMatrix.R’ Flavor: r-release-macos-x86_64