CRAN Package Check Results for Package mathml

Last updated on 2025-05-10 16:52:33 CEST.

Flavor Version Tinstall Tcheck Ttotal Status Flags
r-devel-linux-x86_64-debian-clang 1.3 3.20 42.45 45.65 OK
r-devel-linux-x86_64-debian-gcc 1.3 0.29 2.55 2.84 ERROR
r-devel-linux-x86_64-fedora-clang 1.3 74.30 OK
r-devel-linux-x86_64-fedora-gcc 1.3 87.10 OK
r-devel-windows-x86_64 1.3 5.00 70.00 75.00 OK
r-patched-linux-x86_64 1.3 3.47 40.33 43.80 OK
r-release-linux-x86_64 1.3 2.71 41.10 43.81 OK
r-release-macos-arm64 1.3 42.00 OK
r-release-macos-x86_64 1.3 61.00 OK
r-release-windows-x86_64 1.3 5.00 69.00 74.00 OK
r-oldrel-macos-arm64 1.3 38.00 OK
r-oldrel-macos-x86_64 1.3 85.00 OK
r-oldrel-windows-x86_64 1.3 6.00 78.00 84.00 OK

Check Details

Version: 1.3
Check: package dependencies
Result: ERROR Package required but not available: ‘rolog’ See section ‘The DESCRIPTION file’ in the ‘Writing R Extensions’ manual. Flavor: r-devel-linux-x86_64-debian-gcc