Last updated on 2025-05-10 12:49:46 CEST.
Flavor | Version | Tinstall | Tcheck | Ttotal | Status | Flags |
---|---|---|---|---|---|---|
r-devel-linux-x86_64-debian-clang | 1.1.14 | 11.58 | 111.34 | 122.92 | OK | |
r-devel-linux-x86_64-debian-gcc | 1.1.14 | 7.89 | 83.09 | 90.98 | OK | |
r-devel-linux-x86_64-fedora-clang | 1.1.14 | 200.96 | OK | |||
r-devel-linux-x86_64-fedora-gcc | 1.1.14 | 209.76 | OK | |||
r-devel-windows-x86_64 | 1.1.14 | 14.00 | 140.00 | 154.00 | OK | |
r-patched-linux-x86_64 | 1.1.14 | 11.84 | 106.63 | 118.47 | OK | |
r-release-linux-x86_64 | 1.1.14 | 10.29 | 106.72 | 117.01 | OK | |
r-release-macos-arm64 | 1.1.14 | 52.00 | OK | |||
r-release-macos-x86_64 | 1.1.14 | 87.00 | OK | |||
r-release-windows-x86_64 | 1.1.14 | 11.00 | 136.00 | 147.00 | OK | |
r-oldrel-macos-arm64 | 1.1.14 | 65.00 | NOTE | |||
r-oldrel-macos-x86_64 | 1.1.14 | 95.00 | NOTE | |||
r-oldrel-windows-x86_64 | 1.1.14 | 17.00 | 156.00 | 173.00 | NOTE |
Version: 1.1.14
Check: package dependencies
Result: NOTE
Package suggested but not available for checking: ‘rrelaxiv’
Flavors: r-oldrel-macos-arm64, r-oldrel-macos-x86_64, r-oldrel-windows-x86_64