Last updated on 2025-05-10 16:52:33 CEST.
Flavor | Version | Tinstall | Tcheck | Ttotal | Status | Flags |
---|---|---|---|---|---|---|
r-devel-linux-x86_64-debian-clang | 0.2.0 | 19.32 | 293.62 | 312.94 | OK | |
r-devel-linux-x86_64-debian-gcc | 0.2.0 | 11.46 | 171.66 | 183.12 | OK | |
r-devel-linux-x86_64-fedora-clang | 0.2.0 | 520.97 | OK | |||
r-devel-linux-x86_64-fedora-gcc | 0.2.0 | 522.04 | OK | |||
r-devel-windows-x86_64 | 0.2.0 | 18.00 | 248.00 | 266.00 | OK | |
r-patched-linux-x86_64 | 0.2.0 | 17.49 | 277.23 | 294.72 | OK | |
r-release-linux-x86_64 | 0.2.0 | 17.35 | 122.08 | 139.43 | ERROR | |
r-release-macos-arm64 | 0.2.0 | 117.00 | OK | |||
r-release-macos-x86_64 | 0.2.0 | 261.00 | OK | |||
r-release-windows-x86_64 | 0.2.0 | 18.00 | 249.00 | 267.00 | OK | |
r-oldrel-macos-arm64 | 0.2.0 | 112.00 | OK | |||
r-oldrel-macos-x86_64 | 0.2.0 | 268.00 | OK | |||
r-oldrel-windows-x86_64 | 0.2.0 | 24.00 | 340.00 | 364.00 | OK |
Version: 0.2.0
Check: re-building of vignette outputs
Result: ERROR
Error(s) in re-building vignettes:
...
--- re-building ‘marlod.Rmd’ using rmarkdown
Quitting from marlod.Rmd:49-60 [unnamed-chunk-3]
~~~~~~~~~~~~~~~~~~~~~~~~~~~~~~~~~~~~~~~~~~~~~~~~~~~~~~~~~~~~~~~~~~~~~~~~~~~~~~~~
<error/rlang_error>
Error in `if (total.miss == 0) ...`:
! missing value where TRUE/FALSE needed
---
Backtrace:
▆
1. └─marlod::Fillin(y, lod, n, tp, "MIWithID")
2. └─marlod (local) impute.boot(...)
~~~~~~~~~~~~~~~~~~~~~~~~~~~~~~~~~~~~~~~~~~~~~~~~~~~~~~~~~~~~~~~~~~~~~~~~~~~~~~~~
Error: processing vignette 'marlod.Rmd' failed with diagnostics:
missing value where TRUE/FALSE needed
--- failed re-building ‘marlod.Rmd’
SUMMARY: processing the following file failed:
‘marlod.Rmd’
Error: Vignette re-building failed.
Execution halted
Flavor: r-release-linux-x86_64